base 2, what is 11100000110111110010010110 - 101?
11100000110111110010010001
In base 9, what is -8 - -51753640?
51753631
In base 13, what is 3818 - 12a28?
-c210
In base 16, what is -4142 + -796?
-48d8
In base 6, what is -222 - 11023455?
-11024121
In base 14, what is 2a8b - -143a9?
17056
In base 8, what is 1111520732 - -5?
1111520737
In base 2, what is 1101000 + -11101000001111100?
-11101000000010100
In base 12, what is a096336 + -2?
a096334
In base 5, what is -1241010 - 1100?
-1242110
In base 10, what is 27708948 - -2?
27708950
In base 3, what is 10111 - -12012122?
12100010
In base 7, what is -2354 + -2343062?
-2345446
In base 3, what is 1220112000222020 - -2?
1220112000222022
In base 3, what is 110001101102 - 20110?
110001010222
In base 10, what is -25269 - 2?
-25271
In base 16, what is -3 + -1829fab?
-1829fae
In base 16, what is 0 - -125f?
125f
In base 13, what is 5 + -149476?
-149471
In base 14, what is 8a2508 - -a?
8a2514
In base 7, what is -4 - 34220365?
-34220402
In base 5, what is 33012 - 112200?
-24133
In base 12, what is -933b + -65a2?
-13921
In base 14, what is -80bd - -2d9b?
-5122
In base 3, what is 201 - 210222021012?
-210222020111
In base 5, what is -1343022 - 1434?
-1400011
In base 9, what is -133 + -8251?
-8384
In base 4, what is 220 + -12033300?
-12033020
In base 16, what is f3 - 77d81?
-77c8e
In base 2, what is 1 + -110100110101001101010101?
-110100110101001101010100
In base 2, what is -1111111010101000111100111 - -11?
-1111111010101000111100100
In base 12, what is 7 + -17564306?
-175642bb
In base 12, what is -89934 - -3a?
-898b6
In base 2, what is -101110100010 - 11100110110010100?
-11101100100110110
In base 8, what is -2 - 151104723?
-151104725
In base 8, what is -12 - 131024233?
-131024245
In base 4, what is 32020 + 3031000?
3123020
In base 14, what is 1b056 - 2?
1b054
In base 3, what is -2012011220 - 101?
-2012012021
In base 2, what is 1000001110000000011100100 + -1011?
1000001110000000011011001
In base 8, what is 7304 - 43156?
-33652
In base 5, what is -41212211211 + 4?
-41212211202
In base 13, what is 1 + -33aa0a?
-33aa09
In base 16, what is -1eb7e5 + 1?
-1eb7e4
In base 3, what is 1112122121100202 + -12?
1112122121100120
In base 4, what is -1 - 23233002031032?
-23233002031033
In base 11, what is -39a + -225064?
-225453
In base 5, what is 33 + -113203400?
-113203312
In base 4, what is -11223110201 + -1021?
-11223111222
In base 13, what is 7603a - 176?
75b94
In base 6, what is -10 + -4453301?
-4453311
In base 10, what is 1 - -5912127?
5912128
In base 10, what is 10203725 - 8?
10203717
In base 3, what is 1120201 + -22021012?
-20200111
In base 16, what is 17a - 13733?
-135b9
In base 3, what is -11011122000110111 + -2?
-11011122000110120
In base 5, what is 40213340 + 14?
40213404
In base 13, what is 757333 - -5?
757338
In base 10, what is 820 + -40626?
-39806
In base 7, what is -3 - -132221566?
132221563
In base 13, what is 162 + 3a6b5?
3a847
In base 5, what is 1134 + -2244222?
-2243033
In base 8, what is 23522 + 265?
24007
In base 13, what is 4 + -162bb69?
-162bb65
In base 5, what is -2 + 101244303120?
101244303113
In base 14, what is da1 + 25b59?
26b1a
In base 8, what is -1 + -214631712?
-214631713
In base 8, what is 5 + -2067036505?
-2067036500
In base 5, what is -21433 - 324313?
-401301
In base 2, what is -10 + -1000011000111011?
-1000011000111101
In base 14, what is 139 - -17447?
17582
In base 7, what is -5236 - 50465?
-56034
In base 8, what is 1 - -556420?
556421
In base 16, what is -1 - -9d4c20?
9d4c1f
In base 12, what is 12743316 + -4?
12743312
In base 10, what is 9 + -27370471?
-27370462
In base 11, what is -1705582 + a?
-1705573
In base 13, what is 1 - 4c4c154?
-4c4c153
In base 15, what is -34 + ea9153?
ea911e
In base 10, what is 2052 - 78096?
-76044
In base 9, what is -214 - 45034?
-45248
In base 15, what is 135 - 7b407?
-7b2c2
In base 16, what is -6 + 2ed5833?
2ed582d
In base 2, what is 11110111111010101 + 10010?
11110111111100111
In base 16, what is -100ac + 89?
-10023
In base 14, what is 5026286 - -22?
50262a8
In base 10, what is 4 + 1710564?
1710568
In base 11, what is -7 - 486968?
-486974
In base 5, what is 3 - -11130324341?
11130324344
In base 6, what is 511 - -151115?
152030
In base 12, what is -20b5 + 13a0?
-915
In base 6, what is -43151315320 + -5?
-43151315325
In base 6, what is 3024 - 202300?
-155232
In base 14, what is 5 - a16638?
-a16633
In base 10, what is 327 + 2718?
3045
In base 15, what is 41c7a + 163?
41ddd
In base 7, what is 601025413 - -2?
601025415
In base 8, what is -125540025 + 4?
-125540021
In base 13, what is 2134 + 24a69?
26ba0
In base 2, what is 10 + -1001011110110100011100010110?
-1001011110110100011100010100
In base 14, what is -5b075 + -14?
-5b089
In base 12, what is -2999b + -2b2?
-2a091
In base 14, what is 5 + ba7c98?
ba7c9d
In base 14, what is -4 + 137a39a4?
137a39a0
In base 4, what is -11 - 1030301230022?
-1030301230033
In base 5, what is 13 + 200204413?
200204431
In base 9, what is -14 + -10057774?
-10057788
In base 14, what is -a34a7da1 + 2?
-a34a7d9d
In base 2, what is 10011110001101110010000111001 - 100?
10011110001101110010000110101
In base 12, what is -190997 + 46?
-190951
In base 2, what is 10110011010110 + 1001101100?
10111101000010
In base 11, what is 1 + 172469?
17246a
In base 2, what is 110110011010111 + -110001010?
110101101001101
In base 16, what is -1ff4b - 23?
-1ff6e
In base 4, what is -1200 - -121302321?
121301121
In base 3, what is 121 - -220210102010?
220210102201
In base 6, what is 1214430123 + 1?
1214430124
In base 6, what is -1 - 120230545?
-120230550
In base 5, what is -321424 + -33402?
-410331
In base 5, what is 121142011 - -1?
121142012
In base 6, what is 45430431 + 35?
45430510
In base 3, what is 10 + -10000211210201021?
-10000211210201011
In base 5, what is 4023141131 - -311?
4023141442
In base 11, what is 2012925 + 8?
2012932
In base 13, what is 677861 + 25?
677886
In base 4, what is -1331233 - -2130?
-1323103
In base 14, what is -3dd - a996d?
-a9d6c
In base 8, what is 12534 - 217136?
-204402
In base 9, what is -5215 + 7888?
2673
In base 16, what is 1 - -8b34fa?
8b34fb
In base 6, what is -22 - 5110112?
-5110134
In base 5, what is -214304 + 2330?
-211424
In base 11, what is 133044118 + 1?
133044119
In base 16, what is b5e2c6 - -d?
b5e2d3
In base 3, what is 2102101101012220121 + -2?
2102101101012220112
In base 10, what is -36191936 + -15?
-36191951
In base 15, what is 10004 + -222?
ecd2
In base 4, what is 221 + 12012101013?
12012101300
In base 11, what is -1 - -19129377?
19129376
In base 8, what is 60426237 - 0?
60426237
In base 2, what is 11011011101111 + -1101110?
11011010000001
In base 16, what is 81c2 + -99b?
7827
In base 12, what is 84482431 - -4?
84482435
In base 13, what is -530b88b4 + -5?
-530b88b9
In base 16, what is 21e + 1e7e4c?
1e806a
In base 3, what is -22000 - 202102221122?
-202110020122
In base 16, what is 22 - 1590?
-156e
In base 6, what is -15212504134 - 0?
-15212504134
In base 9, what is -4085 - -12427?
7332
In base 6, what is 13020 - 21550?
-4530
In base 7, what is -23560156 - 106?
-23560265
In base 13, what is 11a10a0 - -3?
11a10a3
In base 3, what is 10 + 1100222201111?
1100222201121
In base 9, what is 2 - 50531420?
-50531417
In base 7, what is 4003552 + -204?
4003345
In base 9, what is -17 - 452657?
-452675
In base 9, what is -85187344 - -4?
-85187340
In base 4, what is 2 + -233100130030?
-233100130022
In base 5, what is 2022200000 + -140?
2022144310
In base 3, what is -202202122001 + -200?
-202202122201
In base 14, what is 6cc + -5183?
-4895
In base 7, what is 550524532 + 2?
550524534
In base 8, what is -5101 + 40506?
33405
In base 12, what is 13a - -a048?
a186
In base 9, what is 4 + -52468113?
-52468108
In base 5, what is 1223240213 - 21?
1223240142
In base 13, what is 5 + -99bba99?
-99bba94
In base 7, what is 0 - -155321603?
155321603
In base 6, what is -4 - -1240013340?
1240013332
In base 5, what is -21300041 - -122?
-21244414
In base 11, what is 18 - -1525a3?
152610
In base 9, what is 0 + 308082700?
308082700
In base 3, what is 0 - -101202220221?
101202220221
In base 6, what is 1540511 + -13?
1540454
In base 14, what is 1d7acdd + -4?
1d7acd9
In base 7, what is -1 - 16120261?
-16120262
In base 3, what is -12112020 - -211111?
-1